{"id":49,"date":"2025-02-21T11:15:08","date_gmt":"2025-02-21T10:15:08","guid":{"rendered":"https:\/\/gs-rastenberg.de\/?page_id=49"},"modified":"2025-02-24T12:06:29","modified_gmt":"2025-02-24T11:06:29","slug":"gooding-de","status":"publish","type":"page","link":"https:\/\/gs-rastenberg.de\/?page_id=49","title":{"rendered":"Gooding.de"},"content":{"rendered":"\n<p>Liebe Freundinnen und Freunde unseres Vereins,<\/p>\n\n\n\n<p>die Internet-Plattform www.gooding.de erm\u00f6glicht es jedem, unseren Verein durch seine Online-Eink\u00e4ufe zu unterst\u00fctzen \u2013&nbsp;<strong>ganz ohne Mehrkosten<\/strong>. Angeschlossen sind mehr als 1.500 Online-Shops wie ebay, Expedia, Otto oder die Bahn. Bei jedem Einkauf erh\u00e4lt unser Verein eine Pr\u00e4mie, im Durchschnitt ca. 5% des Einkaufswertes.<\/p>\n\n\n\n<p>Du selbst bezahlst dabei nicht mehr, die Pr\u00e4mie wird durch die Unternehmen gezahlt. Gooding selbst finanziert sich durch einen freiwilligen Anteil der Pr\u00e4mie.&nbsp;<\/p>\n\n\n\n<p>Man muss sich als Nutzer nicht registrieren und keine Daten \u00fcber sich preisgeben. Daher w\u00fcrden wir uns freuen, wenn du deine Online-Eink\u00e4ufe \u00fcber Gooding machst und unseren Verein dabei ausw\u00e4hlst!<\/p>\n\n\n\n<p><\/p>\n\n\n\n<p><a href=\"https:\/\/www.gooding.de\/staatliche-grundschule-rastenberg-119563\">Hier geht es zur Gooding-Seite unseres F\u00f6rdervereins.<\/a><\/p>\n\n\n\n<p><\/p>\n","protected":false},"excerpt":{"rendered":"<p>Liebe Freundinnen und Freunde unseres Vereins, die Internet-Plattform www.gooding.de erm\u00f6glicht es jedem, unseren Verein durch seine Online-Eink\u00e4ufe zu unterst\u00fctzen \u2013&nbsp;ganz ohne Mehrkosten. Angeschlossen sind mehr [&hellip;]<\/p>\n","protected":false},"author":1,"featured_media":0,"parent":0,"menu_order":0,"comment_status":"closed","ping_status":"closed","template":"","meta":{"footnotes":""},"class_list":["post-49","page","type-page","status-publish","hentry"],"_links":{"self":[{"href":"https:\/\/gs-rastenberg.de\/index.php?rest_route=\/wp\/v2\/pages\/49","targetHints":{"allow":["GET"]}}],"collection":[{"href":"https:\/\/gs-rastenberg.de\/index.php?rest_route=\/wp\/v2\/pages"}],"about":[{"href":"https:\/\/gs-rastenberg.de\/index.php?rest_route=\/wp\/v2\/types\/page"}],"author":[{"embeddable":true,"href":"https:\/\/gs-rastenberg.de\/index.php?rest_route=\/wp\/v2\/users\/1"}],"replies":[{"embeddable":true,"href":"https:\/\/gs-rastenberg.de\/index.php?rest_route=%2Fwp%2Fv2%2Fcomments&post=49"}],"version-history":[{"count":1,"href":"https:\/\/gs-rastenberg.de\/index.php?rest_route=\/wp\/v2\/pages\/49\/revisions"}],"predecessor-version":[{"id":50,"href":"https:\/\/gs-rastenberg.de\/index.php?rest_route=\/wp\/v2\/pages\/49\/revisions\/50"}],"wp:attachment":[{"href":"https:\/\/gs-rastenberg.de\/index.php?rest_route=%2Fwp%2Fv2%2Fmedia&parent=49"}],"curies":[{"name":"wp","href":"https:\/\/api.w.org\/{rel}","templated":true}]}}